{"id":128,"date":"2021-10-21T17:35:43","date_gmt":"2021-10-21T17:35:43","guid":{"rendered":"https:\/\/tantraelyogadelamor.com\/?page_id=128"},"modified":"2021-10-21T17:54:46","modified_gmt":"2021-10-21T17:54:46","slug":"masaje-yoni-femenino-masaje-lingam-masculino","status":"publish","type":"page","link":"https:\/\/tantraelyogadelamor.com\/index.php\/masaje-yoni-femenino-masaje-lingam-masculino\/","title":{"rendered":"MASAJE YONI FEMENINO &#038; MASAJE LINGAM MASCULINO"},"content":{"rendered":"\n<p>MASAJES T\u00c1NTRICOS KUNDALINI<br>Atenci\u00f3n siempre con entrevista previa individual y parejas.<\/p>\n\n\n\n<p>Masajes t\u00e1ntricos relajante lingam para hombres, masajes t\u00e1ntricos relajante erotizante Yoni para las mujeres: descubre el orgasmo c\u00f3smico el placer de los sentidos sin eyacular.<br>Te invito a explorar tu cuerpo a trav\u00e9s de una meditaci\u00f3n, respiraci\u00f3n profunda, ejercicios de relajaci\u00f3n y fortalecimientos p\u00e9lvicos<br>El principio fundamental del T\u00e1ntra es la respiraci\u00f3n.<br>Masajes t\u00e1ntricos posee suavidad, eroticidad sensualidad y caricias sanadoras, tantra es una bella poes\u00eda para sentir, para cuidar, para amar, permitete sentir tu sexualidad como un acto amoroso sagrado y espiritual, descubre sensaciones totalmente desconocida\/do para ti, la idea de esta pr\u00e1ctica es que sienta el gozo en todas tus manifestaciones, viviendo experiencia \u00fanica y m\u00e1gica. Tantra te lleva a descubrir el \u00e9xtasis un nivel superior de m\u00e1xima vibraci\u00f3n energ\u00e9tica y magnetica hasta que alcance por completo el estado cl\u00edmax de m\u00e1xima esplendor, sentir\u00e1s la unidad de tu ser, conectada\/do con lo divino, donde solo existe la dicha, la alegr\u00eda y la plenitud, tantra es un camino de conciencia, un camino de despertar a la vida. El tantra, cuando se practica debidamente, sana, regenera, rejuvenece o ayuda a mantenerse joven, revitaliza y aporta un gran caudal de energ\u00eda a cualquier \u00e1rea de su vida.<br>Te imaginas c\u00f3mo es el orgasmo cosmico sin eyacular? No temas, an\u00edmate a descubrir todos los secretos t\u00e1ntricos.<br>Siempre sugiero una entrevista previa, una charla introductoria donde profundizaremos sobre el m\u00e9todo t\u00e1ntrico y sus beneficios.<\/p>\n\n\n\n<p>Para turistas y Empresarios\/rias. MASAJES TANTRA atenci\u00f3n de Lunes a Viernes de 10 a 20 horas, d\u00edas y horarios a combinar, s\u00e1bado, domingo y feriados opcional, siempre con estricta reserva previa para asegurar tu cupo.<br>La reserva se hace \u00fanicamente por transferencia bancaria.<br>Tengo mucho compromiso y me gusta trabajar con responsabilidad para que pueda fluir la energ\u00eda de una manera amorosa y en armon\u00eda.<br>Solicitar CBU por WHATSAPP.<\/p>\n\n\n\n<p>Te gusta la discrecion, privacidad y exclusividad somos el mejor lugar de masajes tantra en el barrio de Almagro, Atencion personalizada por la maestra Alish certificada en tantra.<br>Para consultas y reservas, escribirme por WHATSAPP al tel\u00e9fono 1130671233, te espero con mucho amor t\u00e1ntrico!!! .Te imaginas c\u00f3mo es el orgasmo sin eyacular? No temas, an\u00edmate a descubrir todos los secretos t\u00e1ntricos. NAMASTE \ud83d\ude4f<\/p>\n\n\n\n<p>SEGUIME EN INSTAGRAM: TANTRAELYOGADELAMOR<\/p>\n\n\n\n<p>TE INVITO A VISITAR MI P\u00c1GINA WEB: WWW.TANTRAELYOGADELAMOR.COM<\/p>\n","protected":false},"excerpt":{"rendered":"<p>MASAJES T\u00c1NTRICOS KUNDALINIAtenci\u00f3n siempre con entrevista previa individual y parejas. Masajes t\u00e1ntricos relajante lingam para hombres, masajes t\u00e1ntricos relajante erotizante Yoni para las mujeres: descubre el orgasmo c\u00f3smico el placer de los sentidos sin eyacular.Te invito a explorar tu cuerpo a trav\u00e9s de una meditaci\u00f3n, respiraci\u00f3n profunda, ejercicios de relajaci\u00f3n y fortalecimientos p\u00e9lvicosEl principio fundamental del T\u00e1ntra es la respiraci\u00f3n.Masajes t\u00e1ntricos posee suavidad, eroticidad sensualidad y caricias sanadoras, tantra es una bella poes\u00eda para sentir, para cuidar, para amar, permitete sentir tu sexualidad como un acto amoroso sagrado y espiritual, descubre sensaciones totalmente desconocida\/do para ti, la idea de esta [&hellip;]<\/p>\n","protected":false},"author":1,"featured_media":129,"parent":0,"menu_order":0,"comment_status":"closed","ping_status":"closed","template":"","meta":{"_mi_skip_tracking":false},"_links":{"self":[{"href":"https:\/\/tantraelyogadelamor.com\/index.php\/wp-json\/wp\/v2\/pages\/128"}],"collection":[{"href":"https:\/\/tantraelyogadelamor.com\/index.php\/wp-json\/wp\/v2\/pages"}],"about":[{"href":"https:\/\/tantraelyogadelamor.com\/index.php\/wp-json\/wp\/v2\/types\/page"}],"author":[{"embeddable":true,"href":"https:\/\/tantraelyogadelamor.com\/index.php\/wp-json\/wp\/v2\/users\/1"}],"replies":[{"embeddable":true,"href":"https:\/\/tantraelyogadelamor.com\/index.php\/wp-json\/wp\/v2\/comments?post=128"}],"version-history":[{"count":2,"href":"https:\/\/tantraelyogadelamor.com\/index.php\/wp-json\/wp\/v2\/pages\/128\/revisions"}],"predecessor-version":[{"id":132,"href":"https:\/\/tantraelyogadelamor.com\/index.php\/wp-json\/wp\/v2\/pages\/128\/revisions\/132"}],"wp:featuredmedia":[{"embeddable":true,"href":"https:\/\/tantraelyogadelamor.com\/index.php\/wp-json\/wp\/v2\/media\/129"}],"wp:attachment":[{"href":"https:\/\/tantraelyogadelamor.com\/index.php\/wp-json\/wp\/v2\/media?parent=128"}],"curies":[{"name":"wp","href":"https:\/\/api.w.org\/{rel}","templated":true}]}}