{"id":41,"date":"2021-10-02T20:56:17","date_gmt":"2021-10-02T20:56:17","guid":{"rendered":"http:\/\/tantraelyogadelamor.com\/?page_id=41"},"modified":"2021-10-02T20:56:19","modified_gmt":"2021-10-02T20:56:19","slug":"ceremonia-tantrica","status":"publish","type":"page","link":"https:\/\/tantraelyogadelamor.com\/index.php\/ceremonia-tantrica\/","title":{"rendered":"CEREMONIA TANTRICA"},"content":{"rendered":"\n<p>Ritual del placer para las parejas:<br>Deja las apuradas a un lado y planea con tu pareja un encuentro placentero.<br>T\u00f3mense una tarde libre s\u00f3lo para ustedes dos y prep\u00e1rense para vivir un momento de \u00e9xtasis.<br>En un ambiente totalmente creado para explorar la sensibilidad, sensualidad y la sexualidad sagrada.<\/p>\n\n\n\n<p>Observa a tu pareja como un templo divino. Un encuentro sagrado en un ambiente lleno de luz, paz, calidez, acompa\u00f1ados con aromas, m\u00fasica suave, velas, p\u00e9talos de flores.<\/p>\n\n\n\n<p>Contempla el cuerpo de tu pareja a la luz de las velas y ll\u00e9nalo de caricias y masajes t\u00e1ntricos relajantes y erotizantes con aceites calientes. Respiren profundamente.<br>Pueden incluir a la ceremonia frutas, chocolates, almendras ,bebidas espirituosas que los dos prefieran y tambi\u00e9n si lo desean, existen cremas de sabores para aplicarse en el cuerpo y son comestibles.<br>Pueden compartir un ba\u00f1o y utilizar esencias como rosa, jazm\u00edn, musk o cualquier otro aroma suave. Eviten los aromas c\u00edtricos o demasiado dulces.<br>Preparen sus cuerpos para un encuentro amoroso,<br>Masajeandose mutuamente. Adem\u00e1s de ser un sutil ritual, ayuda a eliminar las tensiones.<br>Cuando sientan que la energ\u00eda y la pasi\u00f3n est\u00e1n despiertas, es momento para darle vuelo a la imaginaci\u00f3n.<\/p>\n","protected":false},"excerpt":{"rendered":"<p>Ritual del placer para las parejas:Deja las apuradas a un lado y planea con tu pareja un encuentro placentero.T\u00f3mense una tarde libre s\u00f3lo para ustedes dos y prep\u00e1rense para vivir un momento de \u00e9xtasis.En un ambiente totalmente creado para explorar la sensibilidad, sensualidad y la sexualidad sagrada. Observa a tu pareja como un templo divino. Un encuentro sagrado en un ambiente lleno de luz, paz, calidez, acompa\u00f1ados con aromas, m\u00fasica suave, velas, p\u00e9talos de flores. Contempla el cuerpo de tu pareja a la luz de las velas y ll\u00e9nalo de caricias y masajes t\u00e1ntricos relajantes y erotizantes con aceites calientes. [&hellip;]<\/p>\n","protected":false},"author":1,"featured_media":42,"parent":0,"menu_order":0,"comment_status":"closed","ping_status":"closed","template":"","meta":{"_mi_skip_tracking":false},"_links":{"self":[{"href":"https:\/\/tantraelyogadelamor.com\/index.php\/wp-json\/wp\/v2\/pages\/41"}],"collection":[{"href":"https:\/\/tantraelyogadelamor.com\/index.php\/wp-json\/wp\/v2\/pages"}],"about":[{"href":"https:\/\/tantraelyogadelamor.com\/index.php\/wp-json\/wp\/v2\/types\/page"}],"author":[{"embeddable":true,"href":"https:\/\/tantraelyogadelamor.com\/index.php\/wp-json\/wp\/v2\/users\/1"}],"replies":[{"embeddable":true,"href":"https:\/\/tantraelyogadelamor.com\/index.php\/wp-json\/wp\/v2\/comments?post=41"}],"version-history":[{"count":1,"href":"https:\/\/tantraelyogadelamor.com\/index.php\/wp-json\/wp\/v2\/pages\/41\/revisions"}],"predecessor-version":[{"id":43,"href":"https:\/\/tantraelyogadelamor.com\/index.php\/wp-json\/wp\/v2\/pages\/41\/revisions\/43"}],"wp:featuredmedia":[{"embeddable":true,"href":"https:\/\/tantraelyogadelamor.com\/index.php\/wp-json\/wp\/v2\/media\/42"}],"wp:attachment":[{"href":"https:\/\/tantraelyogadelamor.com\/index.php\/wp-json\/wp\/v2\/media?parent=41"}],"curies":[{"name":"wp","href":"https:\/\/api.w.org\/{rel}","templated":true}]}}